
Suppose -6*s - w - 14 = -10*s, 2*s + 2*w = 2. Suppose 3*r - 2*r - 186 = 4*a, s*a = 5*r - 930. List the prime factors of r.
2, 3, 31
Suppose 0 = -7*u + u - 30. Let b be (260/(-25))/(2/u). List the prime factors of (4 - b/6) + (-44)/(-6).
7
What are the prime factors of (4 + 2)/(45/191715) + -4?
2, 13, 983
Let d be 387/36 + 4/16. Suppose -12*x + d*x = -13. List the prime factors of x.
13
Suppose -49 = -13*u + 6*u. Suppose r = -u*r + 1832. Let i = r - 123. What are the prime factors of i?
2, 53
Suppose -4*j - 628 - 456 = 4*a, -2*j = -a - 280. Let q = -250 - a. List the prime factors of q.
2, 3
Suppose 91*w - 60*w + 308278 = 48*w. What are the prime factors of w?
2, 9067
Let h(k) = 26*k - 24. Let w be h(-4). Let y = w + 252. Suppose -2*z - y = -6*z. What are the prime factors of z?
31
Suppose 0 = 4*d - 537 + 9. What are the prime factors of 4825/7 + d/(-21) + 6?
13, 53
Let o be (-6)/2*(9 - 15). Suppose -o*g = -13*g - 1440. List the prime factors of g.
2, 3
Suppose -13 = x - 19. Suppose 2*k - 2*h - 10 = 0, h - 23 = -4*k + x*h. Suppose k*n = -2*n + 572. What are the prime factors of n?
11, 13
What are the prime factors of 909612/92 - (432/1794 - (-4)/(-26))?
9887
Let l(j) = -24*j**3 + 2*j**2 + 2*j + 1. Let k be l(-1). Suppose -27*o + 84 = -k*o. Suppose -228 = o*i - 46*i. What are the prime factors of i?
3, 19
List the prime factors of (18/(-27)*45)/((-9)/19506).
2, 5, 3251
Let n(f) = f**3 + 12*f**2 - 14*f - 11. Let q be n(-13). Let m be (-178)/4*(-2 - q). Suppose -5*j + 32 + 35 = x, -j = -2*x + m. List the prime factors of x.
3, 29
Suppose 4*b + 5*i - i - 20 = 0, 11 = 4*b - 5*i. Suppose -j + 43 = -b*l, 9*l - 43 = -j + 4*l. List the prime factors of j.
43
Suppose -76*o + 2186850 = -39*o + 85*o. What are the prime factors of o?
3, 5, 239
Let s be (-243)/(-6) - (-1)/2. Let w = 139 - 24. Let f = w - s. What are the prime factors of f?
2, 37
Let n = -875 + 613. Let w(v) = 186*v**3. Let k be w(-1). Let u = k - n. What are the prime factors of u?
2, 19
Let c be (84/22 - 1) + 2/11. Suppose 2*q - c*k = -420 + 1164, 373 = q - k. Suppose -7*x - q = -12*x. What are the prime factors of x?
3, 5
Suppose 5*q = 10*q - 10. List the prime factors of (((-1728)/(-60))/6)/(q/310).
2, 3, 31
Suppose -2*k + v + 26 = 2*v, -3*k + 2*v = -46. Let q = 41 - k. List the prime factors of q.
3
Let z(r) = -582*r**2 - 33*r. Let x(j) = -194*j**2 - 11*j. Let q(s) = -11*x(s) + 4*z(s). Let n be q(5). What are the prime factors of n/30*(-8)/6?
2, 109
List the prime factors of (-110929)/(-35) + (12/120)/(4/24).
2, 5, 317
Let n = -16 - -15. Let s(r) be the first derivative of -55*r**2 - 3*r - 69. List the prime factors of s(n).
107
Suppose -2*c - 2*o = -22854, 5*o = 38*c - 39*c + 11431. List the prime factors of c.
2, 29, 197
Let v(p) = -p**3 + 7*p**2 + 5*p + 5. Let u be v(6). Let c = u - 50. Let l = c + -14. List the prime factors of l.
7
Let k = 121 - 103. Suppose 0 = v + 5 - k. List the prime factors of v.
13
Suppose 3*o + 2*x = -15 + 243, 2*x + 228 = 3*o. Let v = o - -14. Suppose l = 2*m + v, -l - 2*m - 2*m = -108. List the prime factors of l.
2, 3
Suppose -39 = -5*d + 2*j, -5*d + 16 + 25 = -3*j. Let z = d - 11. List the prime factors of (-2 + (-1 - z))*33.
3, 11
Let q = 96 - 91. Suppose 4*p + 3*g = 1863, -5*p + q*g = -p - 1823. List the prime factors of p.
2, 3, 7, 11
Suppose -13*a + 14*a = -36. Let l = a - -40. Suppose l*p + 12 = 4*x - 8, -4*p = x + 5. List the prime factors of x.
3
Suppose -9 = -3*o + 2*s, -2*o + o + 7 = -2*s. Let i(z) = 519*z**2 - 16*z + 15. What are the prime factors of i(o)?
2, 7, 37
What are the prime factors of (68913348/(-946) - 1/(-11))/(4 - 5)?
97, 751
Let a(m) be the third derivative of m**5/30 - 5*m**4/24 + 3*m**3/2 - 17*m**2. Let k be a(4). Let q = 12 + k. What are the prime factors of q?
3, 11
Let o be 24/(-18)*(-18)/(-4). List the prime factors of (-8589)/(-7)*(-2 + (-14)/o).
409
Suppose -9*f = -19*f + 50. What are the prime factors of 0 + (f - 2 - (6 - 275))?
2, 17
Let v(u) = 2749*u - 179. What are the prime factors of v(1)?
2, 5, 257
Suppose -4*d = 12, -5*l + d = -0*l + 1532. Let y = l - -642. List the prime factors of y.
5, 67
Let j(z) = -5*z + 5. Let o(r) = 9*r - 10. Let b(m) = 13*j(m) + 6*o(m). Let k = -2283 - -2280. What are the prime factors of b(k)?
2, 19
Let g = 16553 - 8309. What are the prime factors of g?
2, 3, 229
Let f(h) = 2*h**2 + 19*h - 16. Let c = 66 + -63. Suppose -3*d + 15 = -3*m - 24, c*d + 5 = -m. What are the prime factors of f(m)?
17
Suppose -35*s - 8*s + 146*s = 6657611. What are the prime factors of s?
109, 593
Let z(o) = 1810*o - 20. Let h be z(1). Let n = h + -945. What are the prime factors of n?
5, 13
Suppose -22*f + 6*f = 9*f. Suppose 4*z + 7*w - 3*w = 4288, -5*z + 4*w + 5378 = f. What are the prime factors of z?
2, 3, 179
Let d be 1 + ((-10)/(-2) - 4). Let q be (-1785)/(-17) + 2*1/d. Let b = -20 + q. List the prime factors of b.
2, 43
Suppose -5*a = -8*k + 11*k - 1601, k - 2*a = 541. List the prime factors of k.
3, 179
Suppose -152 = -d - 3*u, 292 = 2*d + 6*u - 4*u. Let s be (-2)/(2/3)*6/(-9). Suppose -s*r = 5*p - 353, -2*r = -2*p - r + d. List the prime factors of p.
71
Let c(j) = j**3 + 4*j**2 + 2*j + 1. Let z be c(-3). Suppose 0 = 6*v - z*v. Suppose 3*w - 5*s = 325, -6*w + w - s + 579 = v. What are the prime factors of w?
5, 23
Suppose -204 = 2*t - 3*l, 2*t + 3*l + 179 = -13. Let h = 149 + t. Suppose -6 + h = 2*o. List the prime factors of o.
2, 11
Let v(i) = -5*i**3 - 49*i**2 + 83*i + 39. What are the prime factors of v(-18)?
3, 3943
Let a be (-2376)/(-352) + (-2)/16*-2. What are the prime factors of 3/a + 1 + (-19924)/(-28)?
23, 31
Let t = -1075 + 3109. Suppose -4614 - t = -12*w. List the prime factors of w.
2, 277
Let y = 6759 - 1975. What are the prime factors of y?
2, 13, 23
Suppose -141588 = -4*h - 4*w - 47084, h - 4*w = 23661. List the prime factors of h.
23633
Suppose 3*x + 7 = 16. Let b = 7 - x. List the prime factors of (-177)/(-7) + b/(-14).
5
Let u = -125 - -141. Suppose u*h + 378 = 106. Let o = h + 184. List the prime factors of o.
167
What are the prime factors of (44 - 49) + (5799/(-4))/(3/(-24))?
11593
Let b(s) = 9*s - 35. Let j be b(12). Let y be ((-6)/(-15)*j)/((-6)/60). Let r = -129 - y. List the prime factors of r.
163
Let l(r) = 7*r**2 - 9*r - 8. Let t = -89 + 91. Let j be t/(-10) - ((-98)/(-35) - -2). List the prime factors of l(j).
2, 53
Let z(j) = 62*j**2 + 9*j + 48. Suppose 0 = 2*g + 4*p + 4 - 16, -3*p + 7 = 2*g. What are the prime factors of z(g)?
2, 251
Let o be 15 - (-4 + 3 + -3). Suppose 1380 = o*n - 15*n. List the prime factors of n.
3, 5, 23
Let r be 62010 + (-5 - 0)/(-1) + -5. Suppose -r = 25*h - 70*h. List the prime factors of h.
2, 13, 53
Let i be (-3586)/(-77) + 1*(-12)/21. Let d = i + -48. List the prime factors of (5 - -1) + -5 - (d + -113).
2, 29
Let h(v) = 57*v**2 + 6*v + 13. Let f be h(4). Let d = f - 668. List the prime factors of d.
281
Let i(m) = 154*m**2 + 101*m + 59. What are the prime factors of i(-14)?
127, 227
Let g(i) = 11*i + 25. Let o(m) = -5*m - 12. Let y(p) = 2*g(p) + 5*o(p). Let b be y(-5). Let a(j) = 17*j - 12. List the prime factors of a(b).
73
Let b = 372 + -384. What are the prime factors of (-10232)/b + -9 + (-2)/3?
3, 281
Suppose -3*c = -4*c + 31. Suppose 0 = -5*h + c + 29. What are the prime factors of -3*(4 - 56/h)?
2
Let i = 10302 + -6885. Suppose 7883 + i = 10*k. What are the prime factors of k?
2, 5, 113
Let i = -611 + 719. Suppose -106*p - 1128 = -i*p. List the prime factors of p.
2, 3, 47
Suppose 8006*b - 8022*b + 127315 + 13101 = 0. What are the prime factors of b?
2, 1097
Let f = 881 + -330. Let i = f + 136. List the prime factors of i.
3, 229
Let p = 11541 + -5865. List the prime factors of p.
2, 3, 11, 43
Let z = -39 + 87. Suppose -2*k + 101 = 3*n - k, -4*n - k + 135 = 0. What are the prime factors of (z/12)/(1/n) - -2?
2, 3, 23
Suppose 0*p = 3*v - p + 2225, 3727 = -5*v - 3*p. Let u = -1239 - v. Let h = -348 - u. List the prime factors of h.
2, 37
Let p(n) = 319*n**2 - 28*n - 508. List the prime factors of p(9).
31, 809
Let l(a) = -a**3 + 24*a**2 - 5*a + 120. Let z be l(24). Suppose -16*c + 7659 + 4197 = z. List the prime factors of c.
3, 13, 19
Suppose 100804 - 1264204 = -84*v. List the prime factors of v.
2, 5, 277
Suppose -v - 3*v + 4272 = 0